or of v and 15?
15
Let k = 2864 + -1156. What is the highest common factor of k and 28?
28
Let d(h) = h**3 - 6*h - 2. Let n be d(3). Suppose -3*y + k + 16 = 0, -2*y - 6*k + 39 = -k. Calculate the highest common factor of n and y.
7
Suppose -3*l = -n - 7, -2*l + 2*n + 1 = -1. Suppose 3*c = 9 + l. Suppose 325 = i + c*i. Calculate the greatest common factor of 26 and i.
13
Suppose 0 = -5*l + 15, 0 = f - 2*f + 3*l - 3. Let s(m) = 2*m**2 - 10*m + 8. Let y be s(6). Let z = -17 + y. Calculate the greatest common divisor of f and z.
3
Suppose -9 - 81 = -3*f. Let l(o) = -65*o + 4315. Let r be l(65). What is the highest common divisor of r and f?
30
Let a = 1 - -2. Suppose -4*t = -a*l - 148, 2*l - 4*t + 102 = -2*t. Let b = -38 - l. Calculate the greatest common divisor of b and 2.
2
Let h(l) = -l**3 + 10*l**2 - 9*l + 10. Let t be h(9). Let k be (6/5)/(3/t). Let s be (0 - 4 - -5) + 27. Calculate the greatest common factor of k and s.
4
Let h(g) = -g**2 + 20*g + 73. Let t be h(20). What is the highest common factor of t and 803?
73
Let n(f) = f**3 - 7*f**2 + f + 7. Let x be n(7). Calculate the highest common divisor of x and 434.
14
Let d be 87/(-2)*-1 - 215/86. What is the highest common divisor of 451 and d?
41
Let k = 1004 + -671. What is the greatest common factor of k and 74?
37
Let p(l) = -3*l**3 - 4*l**2 - l + 2. Let b be p(-3). Let f be ((-26)/(-10))/(10/b). What is the highest common factor of 91 and f?
13
Let l(o) = o**3 + 5*o**2 - o + 2. Let u = 13 + -18. Let p be l(u). Suppose -p*m = -5*m - 84. What is the greatest common factor of 21 and m?
21
Suppose -127 = -9*n + 35. Suppose 2*d + 3*a - 25 = -0*d, n = d - 4*a. What is the highest common factor of d and 14?
14
Suppose 143 = 5*u + 4*m, 4*u + 0*u = -m + 121. Calculate the greatest common divisor of u and 31.
31
Let j(l) = -6*l**3 - 43*l**2 - 5*l - 8. Let u be j(-8). Calculate the greatest common factor of u and 66.
22
Let d(x) = -x**3 - 13 + 5 - 3*x - x**2 - x**2. Let n be d(-6). Calculate the greatest common factor of n and 22.
22
Suppose -9*c + 11*c = 6. Suppose -c*k + 8*k = 20. Suppose -470 = -3*f + k*r - 2*r, -15 = -3*r. Calculate the greatest common divisor of 16 and f.
16
Let d be -3*2/(6/(-3)). Let k(v) = 20*v. Let o be k(d). Suppose 4*g = 2*g + o. Calculate the greatest common factor of g and 20.
10
Let s = -2095 + 2287. Calculate the greatest common factor of s and 72.
24
Suppose 1226 = 2*u - 5*m, -5*u - m + 4840 - 1802 = 0. What is the greatest common divisor of u and 57?
19
Suppose -l = -4*y - 88, -5*y = -4*l + 309 + 98. Suppose 18*b - 39 = 177. Calculate the highest common factor of b and l.
12
Let j(x) = -7*x - 43. Let y be j(-9). Suppose t + 4 = 4*l, 6*l = -t + 2*l + y. Calculate the highest common divisor of 8 and t.
8
Let h be (2/(-4))/(4/(-8)) + 1. Suppose 2*j + 108 = 6*j + 2*y, -2*y - 42 = -h*j. Calculate the highest common divisor of 100 and j.
25
Let h = 96 - 61. Let u be 2*6 - (-2 - 0). Calculate the highest common divisor of h and u.
7
Let c(a) = a**3 - 11*a**2 + 12*a - 15. Let h be c(10). Let o(k) = -6 + h + 1 - 10*k. Let s be o(-8). What is the greatest common factor of 8 and s?
8
Let k = -52 + 124. Calculate the highest common factor of k and 96.
24
Suppose -7*h + 14 = -14. Suppose -4*x + 208 = h*c, -5*c = -2*c - 5*x - 124. Calculate the greatest common factor of c and 16.
16
Let k be 3/(-2) + 18/4. Let z be 13 - ((-3)/(-1))/k. Let w be 4/6 + 52/z. What is the greatest common factor of w and 40?
5
Let t be -3 - -13 - (1 + 1). Let u = -297 - -434. Let a = u + -81. What is the highest common divisor of t and a?
8
Suppose -11*j - j + 1056 = 0. Calculate the greatest common divisor of 56 and j.
8
Let x(q) = 6*q**2 - 4*q + 5. Let d = -66 + 61. Let k be x(d). What is the greatest common factor of 25 and k?
25
Let g = 21 - 9. Let v(f) = 5*f**2 - 34*f + 141. Let p be v(5). Calculate the highest common divisor of g and p.
12
Let p = -381 + 613. Suppose 3*z + 2*z = 145. Calculate the highest common divisor of z and p.
29
Suppose 5*v + 5*s = 420, 206 = 3*v - 3*s - 58. Let p = 88 - v. What is the highest common divisor of p and 8?
2
Let x be (-1998)/(-10) + (-2)/(-10). Let b be (-2)/5 - 3/5. Let y(n) = -25*n. Let r be y(b). What is the highest common factor of r and x?
25
Let g = -22 - -32. Suppose 0 = -18*d - 255 + 795. What is the greatest common factor of d and g?
10
Let i be (-1)/(-4) - 1/4. Let j(p) = 2 + 9*p**2 + i*p + 0 - p. Let a be j(-2). Calculate the highest common factor of 100 and a.
20
Let u(c) = 2*c**2 + 61*c - 228. Let a be u(4). Calculate the greatest common factor of 9 and a.
3
Let l(v) = 18*v. Let h be l(1). Let k(u) = 12 + 2*u**2 - 3*u**2 + 6*u - 3*u. Let b be k(5). Calculate the greatest common factor of b and h.
2
Let u = 651 - 595. Calculate the greatest common divisor of u and 16.
8
Let g(q) = q + 21. Let u be g(-17). Let j be 78/(6/u + 0). What is the highest common factor of 13 and j?
13
Let n(j) = 170*j**3 - 4*j**2 + 8*j - 3. Let h be n(1). What is the highest common factor of 76 and h?
19
Let v = -46 + 48. Suppose -68 = v*w - 6*w. What is the greatest common divisor of 102 and w?
17
Let p be 3 + (-23 - 0) + 3. Let s = p - -30. What is the highest common divisor of 13 and s?
13
Suppose 8*s + 1851 = 2027. Calculate the greatest common factor of 12 and s.
2
Let c(r) = -72*r - 283. Let z be c(-4). Calculate the greatest common factor of z and 7.
1
Suppose 0*m - 3*m - 9 = 0. Let p be ((-40)/15)/(2/m). Let k be 38 + 1/p*4. Calculate the greatest common divisor of 26 and k.
13
Suppose 23 = 7*l - 103. What is the highest common factor of l and 6?
6
Let y(x) = -27*x + 623. Let k be y(19). What is the greatest common divisor of k and 80?
10
Let b be 303 + (-3 - (0 - 1)). Suppose 2*u - b = 3*h, h + 76 = -3*u - 17. Let g = 207 + h. What is the highest common divisor of 18 and g?
18
Let c = 7 - 1. Let g be -35*23/(-45) + (-2)/(-18). Calculate the greatest common divisor of g and c.
6
Let i be (-777)/(-84) + 1/(-4). What is the greatest common factor of 9 and i?
9
Let h be 4/3*15*10. Let m be 1/(-3) + h/6. Let f be 2/(-12) - (3 + 604/(-24)). What is the greatest common factor of m and f?
11
Let k = -875 - -902. Calculate the highest common factor of 351 and k.
27
Let z(o) = o**3 + 8*o**2 + 8*o + 5. Let v be z(-7). Let f be (-1)/((-287)/143 - v). What is the highest common factor of f and 13?
13
Let m(t) = -7*t**2 + 32*t + 22. Let h be m(5). What is the highest common divisor of 161 and h?
7
Let z = -33 + 45. Suppose 105 = n + 9. What is the highest common factor of n and z?
12
Let o = -102 + 113. Calculate the greatest common factor of 22 and o.
11
Let a be (-1404)/130*5*4/(-6). Suppose 4*g - 237 = f, 2*g - 147 = 3*f - a. Calculate the highest common factor of g and 150.
30
Suppose -75*f + 50*f + 1350 = 0. What is the greatest common divisor of f and 4320?
54
Suppose -l - 36 = 32. Let p be ((-20)/(-4))/(-5)*l. What is the highest common factor of 17 and p?
17
Let s = 443 + -428. Calculate the greatest common factor of 9 and s.
3
Let v be (3/2)/((-19)/(-608)). Suppose 8*z - 285 = 3*z. Suppose -2*p + 4*y = -12, -4*p - 3*y = -0*y - z. Calculate the greatest common divisor of v and p.
12
Suppose -128*q + 4557 = 38*q - 8723. Suppose 0 = 3*l - 87 - 33. Calculate the greatest common factor of l and q.
40
Let b(h) = -28 - 121*h**2 - h + 135*h**2 - h**3 + 2*h. Let s be b(13). Calculate the highest common factor of 22 and s.
22
Let w(q) = q - 2. Let r be w(4). Suppose -7*z = -r*z + h - 1045, 3*z - 627 = 3*h. Suppose 0 = n - 8 - 11. What is the highest common factor of n and z?
19
Let f = -96 - -27. Let a = 79 + f. Calculate the highest common factor of a and 25.
5
Let c = -62 + 88. What is the greatest common divisor of 91 and c?
13
Suppose -7*d - 4*b = -5*d - 92, -5*d + 200 = -5*b. What is the greatest common divisor of 12 and d?
6
Let z = -105 + 138. Suppose -2*c = c - z. Suppose 2*i = 57 - 13. What is the greatest common factor of i and c?
11
Suppose d = -5*n + 654, 3*d = 7*d + 2*n - 2562. Calculate the greatest common factor of 71 and d.
71
Suppose 49 = 3*l - f - 3*f, 0 = -l + 5*f - 2. Calculate the greatest common factor of 391 and l.
23
Let q(d) = 63*d**3 - 2*d**2 + d + 1. Suppose c = 6 - 5. Let n be q(c). Let i be (4/(-3))/((-2)/n). Calculate the greatest common fa